. Calculate the highest common divisor of y and j.
12
Suppose -f = -1 + 4. Let x = 3 + f. Suppose x = -6*s + 871 - 115. Calculate the greatest common factor of s and 14.
14
Let j(h) = h**2 + 1. Suppose -2*p + 8 = -0*p. Suppose 2 - p = -z. Let m be j(z). What is the greatest common factor of m and 25?
5
Let f(h) = h**2 + 3*h + 65. Let d be f(0). What is the greatest common divisor of 52 and d?
13
Suppose -102 = -4*x + 2*z - 0*z, 3*x - 109 = -5*z. What is the highest common factor of 63 and x?
7
Let w(k) = 2*k - 2. Let m be w(8). Let s = -10 + m. Let x be 3*(1 - (2 - s)). What is the greatest common factor of x and 72?
9
Suppose 4*o - 38 = -2*r - 0*r, o - 22 = -3*r. Let g be ((-32)/(-6))/((-1043)/(-147) - o). Calculate the greatest common divisor of g and 16.
8
Let r be ((-140)/15)/(2/(-3)). What is the greatest common divisor of 98 and r?
14
Let u = 3 + -13. Let w = u - -8. Let j be (-18)/(7/w + 2). What is the highest common divisor of j and 8?
4
Let n = 5534 - 3573. Calculate the greatest common divisor of n and 53.
53
Let y be 9/((-1)/(-34 - -3)). Let r(v) = v**2 + 6. Let g be r(5). What is the highest common divisor of y and g?
31
Let v = 147 + 263. Suppose 4*d - 4*k - 1010 = v, -2*d - 3*k = -735. Suppose 3*o = 11*o - d. What is the highest common factor of o and 30?
15
Suppose 10*v - 609 = -11*v. What is the greatest common divisor of 551 and v?
29
Suppose 0 = 7*r - 8*r - 1, -2*r - 394 = -4*g. Calculate the greatest common divisor of g and 28.
14
Let j = 176 - 101. Let o = j + -45. Suppose -2*d + 28 = 4*s - 0*s, -18 = -5*d + 3*s. Calculate the highest common factor of o and d.
6
Let r = -18 - -15. Let y = 3 + r. Suppose -o + 127 + 65 = y. Calculate the greatest common divisor of o and 24.
24
Let o(d) = 8*d**2 - d + 3. Let k be o(3). Let z = k - 27. What is the highest common factor of 5 and z?
5
Suppose 1263*l - 1271*l = -64. What is the greatest common factor of 1024 and l?
8
Suppose -6*a + 108 = -30. What is the highest common divisor of 92 and a?
23
Let o(y) = 10*y - 103. Let t be o(11). Calculate the highest common factor of t and 91.
7
Let t(r) = -13*r - 1. Let o be t(1). Let q be (70/6)/(5 - (-46)/(-9)). Let k be ((-12)/o)/((-1)/q). What is the highest common factor of 10 and k?
10
Let l be (-34)/((3 + 86/(-30))*-3). What is the greatest common divisor of l and 425?
85
Suppose -q - 192 = -5*q. Suppose -p + q = -32. What is the highest common divisor of p and 10?
10
Let w be ((-24)/20)/(1/(-40)). Let u = 978 + -962. Calculate the highest common factor of u and w.
16
Let s be (4/(-3))/((-2)/(-87)). Let g = -18 - s. What is the highest common factor of g and 80?
40
Let u be ((-39)/26)/(3/(-50)). Suppose 0 = -6*c + 169 - u. Calculate the greatest common divisor of c and 24.
24
Let o(y) = -2*y**3 - 38*y**2 - 40*y - 61. Let s be o(-18). Let q = 1 - 2. Let g be (4 - 3)/(q/(-11)). What is the greatest common factor of s and g?
11
Suppose 0 = 2*k - 5*k + 324. Suppose -84 = -1033*x + 1026*x. Calculate the greatest common factor of k and x.
12
Suppose -3599 = -3*p - 4*k, 35*k - 32*k + 3585 = 3*p. Calculate the greatest common factor of p and 63.
63
Suppose -k - 4*g + 212 = 0, 0 = 5*k - 2*g - 646 - 458. Calculate the highest common factor of k and 11.
11
Let z(d) = d**2 + 234. Let r be z(0). Let o = 143 + -65. Let m be (12/(-9))/((-4)/o). What is the highest common factor of r and m?
26
Suppose -6 = -4*v + 90. Suppose w - 4*a = 3, -5*w + 78 = -a + 2*a. Let x(r) = -r**2 + 18*r + 15. Let s be x(w). What is the greatest common divisor of v and s?
12
Let c(m) = -17 + m**3 - 15*m + 2*m**2 + 5*m**2 + 5*m**2. Let g be c(-13). Calculate the greatest common divisor of 36 and g.
9
Let z(o) = o**3 - 27*o**2 + 84*o + 51. Let u be z(24). Calculate the highest common factor of 6 and u.
3
Let o(v) = -3*v**3 - v**2 + 1. Let g be o(-2). Calculate the greatest common factor of 273 and g.
21
Let g(s) = -32*s - 252. Let y be g(-8). What is the highest common factor of 8 and y?
4
Let s be (-20)/(-18) - 22790/(-954). Let x = -2 + 227. What is the highest common divisor of s and x?
25
Let z be -5 + 1 - -2 - -54. Suppose -7*s = -z + 3. Calculate the greatest common divisor of 28 and s.
7
Let k = 10 - 5. Suppose -12 = -k*j + 2*j. Suppose 34*a - 6*a - 56 = 0. What is the highest common factor of j and a?
2
Let r = 224 - 211. Calculate the highest common divisor of r and 13.
13
Let j(u) = 7*u + 136. Let m be j(-16). Calculate the highest common factor of 120 and m.
24
Let l(k) = 3*k - 16 + 48 - 14 + 43. Let s be l(-15). What is the highest common divisor of 112 and s?
16
Let i = -4 - -60. Suppose -16*m + 199 = -361. Let r be (1 + m)*i/21. What is the greatest common factor of 12 and r?
12
Suppose 4*s - 8 - 14 = -2*z, -3*s + 30 = 3*z. What is the highest common divisor of 63 and z?
9
Suppose 40*n - 38*n = 1264. What is the greatest common factor of n and 8?
8
Let l(y) = 26*y**2 + 7*y + 7. Suppose -3*u - 20 + 11 = 0. Let v be l(u). What is the highest common factor of v and 20?
20
Suppose 54 + 21 = 3*k. Let z(m) = -m**2 - 51*m + 116. Let a be z(-53). Calculate the greatest common divisor of a and k.
5
Let f be 0 - (1/((-4)/(-20)) + -47). What is the greatest common factor of f and 854?
14
Suppose r + 4*r = 4*m + 341, 4*m - 179 = -3*r. Let n(b) = -5 - 5*b + 0*b - 3*b**2 - b**3 + 3. Let a be n(-3). Calculate the greatest common factor of a and r.
13
Suppose 5*z - 92 = 2323. Calculate the greatest common divisor of 84 and z.
21
Let z(l) = -l**3 - 5*l**2 + 5*l + 9. Let h be z(-6). Suppose 0 = 10*w - 7*w - 405. Calculate the highest common divisor of h and w.
15
Let i(s) = -s**2 + 13*s + 5. Suppose -p = -3*u - 25 + 69, 2*p + 4 = 0. Let o be i(u). Let k be 51*(1 + 6/o). What is the greatest common divisor of k and 119?
17
Suppose -h = h - 8. Suppose -60 = -0*g - 4*g + j, 30 = 2*g + h*j. Calculate the greatest common factor of g and 5.
5
Let q(f) = f + 5. Let x be q(7). Suppose -28 = 11*b - 9*b. Let t be (144/b)/(6/(-56)). Calculate the greatest common factor of t and x.
12
Suppose 0 = -5*l - 2*m - 2 - 13, 4*l + 4*m + 24 = 0. Let o(s) = 22*s**2 + 4*s + 4. Let t be o(l). What is the greatest common factor of t and 220?
22
Suppose 2*y = -4*y. Suppose 4*s + 4*r - 32 = y, 2*r = 7*s - 4*s - 29. Calculate the highest common factor of s and 153.
9
Let k(m) = -8*m + 28. Let u be k(-7). Calculate the highest common divisor of u and 924.
84
Let i be 8/(-12) + (5950/15)/7. Calculate the greatest common factor of 96 and i.
8
Let p = 90 + -60. Let q = p - -9. Let h = q - 22. What is the highest common factor of 187 and h?
17
Suppose 258 = 4*k - 798. Calculate the greatest common factor of 33 and k.
33
Suppose 0 = 12*a - 1883 + 683. Let p be (51/(-2))/((-30)/a). What is the highest common divisor of p and 17?
17
Suppose -4*r + 9 = -6*r + 3*s, 4*s - 16 = 4*r. Let y be (6/18*r)/((-1)/4). What is the highest common divisor of 2 and y?
2
Suppose 5*h = 33 - 13. Suppose -2*p = -1 + 3. Let f be 20*4/(-5)*p. What is the greatest common divisor of f and h?
4
Let p be 6/9 - 1/(-3). Suppose 37*j - 14 = 23. Calculate the highest common factor of p and j.
1
Suppose 0 = -l - 10*l + 1353. Let s = -49 - -90. Calculate the highest common factor of s and l.
41
Let w be (4 + (4 - 3))*(-2 - -1). Let m be ((-9)/4 + 3)/(w/(-300)). What is the greatest common factor of 9 and m?
9
Suppose 4*z - 156 - 68 = 0. Let w = z + -53. Let i be (-66 - 0)*(-2)/4. What is the greatest common divisor of w and i?
3
Suppose 22 = 5*l - 38. Suppose -5*r - 32 = -4*g, 5*g + 0*g + 2*r - 7 = 0. Suppose 2*t + g*t = 180. Calculate the highest common divisor of l and t.
12
Let u(w) be the second derivative of -w**5/20 - 4*w**4/3 + 17*w**3/6 + 13*w**2/2 + 27*w. Let g be u(-17). Calculate the highest common factor of g and 52.
13
Let b(w) = -w**3 + 5*w**2 + w - 3. Let d be b(5). Let t be (d + -18)*9/(-2). Let p = 7650 - 7602. What is the highest common factor of t and p?
24
Let u be 44/((-3)/14 + 2/4). Let q = u - -16. What is the greatest common factor of 10 and q?
10
Suppose -3 = -3*s, -s - 1 = 5*z - 12. Let j be 266/30 + 178/1335 - 4. What is the highest common factor of j and z?
1
Let j be ((-4)/(-4) + 0)/(8/200). Calculate the greatest common factor of j and 625.
25
Let m(n) = -4*n + 3. Let k be m(-2). Let x = k + -13. Let d(z) = -23*